
What is the hundreds digit of 36729?
7
What is the tens digit of 1503?
0
What is the tens digit of 1142?
4
What is the units digit of 851?
1
What is the tens digit of 937?
3
What is the hundreds digit of 2003?
0
What is the hundreds digit of 795?
7
What is the hundreds digit of 678?
6
What is the ten thousands digit of 10415?
1
What is the tens digit of 287?
8
What is the tens digit of 7955?
5
What is the hundreds digit of 7125?
1
What is the ten thousands digit of 100530?
0
What is the units digit of 28?
8
What is the tens digit of 1343?
4
What is the units digit of 11371?
1
What is the units digit of 314?
4
What is the hundreds digit of 24317?
3
What is the units digit of 940?
0
What is the hundreds digit of 1298?
2
What is the hundreds digit of 193?
1
What is the thousands digit of 29563?
9
What is the tens digit of 3227?
2
What is the tens digit of 2828?
2
What is the thousands digit of 5633?
5
What is the hundreds digit of 138?
1
What is the ten thousands digit of 13726?
1
What is the units digit of 11547?
7
What is the hundreds digit of 2240?
2
What is the hundreds digit of 38081?
0
What is the hundreds digit of 839?
8
What is the units digit of 7906?
6
What is the tens digit of 77394?
9
What is the hundreds digit of 1069?
0
What is the tens digit of 1512?
1
What is the units digit of 4084?
4
What is the hundreds digit of 6358?
3
What is the units digit of 3929?
9
What is the hundreds digit of 847?
8
What is the thousands digit of 1246?
1
What is the units digit of 3759?
9
What is the tens digit of 4994?
9
What is the thousands digit of 2008?
2
What is the tens digit of 26747?
4
What is the units digit of 583?
3
What is the tens digit of 6912?
1
What is the hundreds digit of 915?
9
What is the units digit of 250?
0
What is the units digit of 37217?
7
What is the units digit of 42329?
9
What is the units digit of 7429?
9
What is the hundreds digit of 72707?
7
What is the hundreds digit of 19449?
4
What is the units digit of 981?
1
What is the thousands digit of 18500?
8
What is the units digit of 9378?
8
What is the hundreds digit of 64564?
5
What is the units digit of 208?
8
What is the tens digit of 5864?
6
What is the units digit of 17493?
3
What is the tens digit of 450?
5
What is the hundreds digit of 107?
1
What is the tens digit of 315?
1
What is the tens digit of 66673?
7
What is the thousands digit of 4028?
4
What is the tens digit of 116093?
9
What is the tens digit of 13004?
0
What is the units digit of 1289?
9
What is the units digit of 5661?
1
What is the hundreds digit of 166499?
4
What is the tens digit of 27848?
4
What is the units digit of 1686?
6
What is the thousands digit of 2250?
2
What is the units digit of 6829?
9
What is the units digit of 1354?
4
What is the hundreds digit of 5054?
0
What is the units digit of 1404?
4
What is the tens digit of 2634?
3
What is the tens digit of 667?
6
What is the ten thousands digit of 48647?
4
What is the tens digit of 73240?
4
What is the thousands digit of 2093?
2
What is the ten thousands digit of 11574?
1
What is the hundreds digit of 105?
1
What is the tens digit of 230?
3
What is the thousands digit of 56382?
6
What is the hundreds digit of 2520?
5
What is the units digit of 30051?
1
What is the units digit of 8670?
0
What is the units digit of 7958?
8
What is the tens digit of 7529?
2
What is the hundreds digit of 49861?
8
What is the tens digit of 49560?
6
What is the hundreds digit of 41035?
0
What is the hundreds digit of 25947?
9
What is the units digit of 581?
1
What is the hundreds digit of 1493?
4
What is the tens digit of 197?
9
What is the hundreds digit of 12531?
5
What is the tens digit of 244?
4
What is the tens digit of 2440?
4
What is the tens digit of 31005?
0
What is the units digit of 332?
2
What is the tens digit of 2182?
8
What is the hundreds digit of 1394?
3
What is the tens digit of 3458?
5
What is the hundreds digit of 66698?
6
What is the thousands digit of 1409?
1
What is the thousands digit of 2400?
2
What is the units digit of 6100?
0
What is the tens digit of 2624?
2
What is the tens digit of 6952?
5
What is the tens digit of 15509?
0
What is the thousands digit of 1807?
1
What is the hundreds digit of 55062?
0
What is the units digit of 30?
0
What is the tens digit of 23147?
4
What is the tens digit of 329?
2
What is the units digit of 478?
8
What is the ten thousands digit of 16505?
1
What is the ten thousands digit of 13295?
1
What is the ten thousands digit of 79926?
7
What is the thousands digit of 24598?
4
What is the tens digit of 881?
8
What is the hundreds digit of 940?
9
What is the hundreds digit of 10132?
1
What is the hundreds digit of 810?
8
What is the thousands digit of 39409?
9
What is the tens digit of 12961?
6
What is the hundreds digit of 205?
2
What is the tens digit of 1134?
3
What is the hundreds digit of 3071?
0
What is the units digit of 22?
2
What is the units digit of 1515?
5
What is the units digit of 7464?
4
What is the hundreds digit of 35963?
9
What is the units digit of 234?
4
What is the hundreds digit of 9424?
4
What is the tens digit of 1280?
8
What is the hundreds digit of 36789?
7
What is the units digit of 158723?
3
What is the hundreds digit of 1518?
5
What is the hundreds digit of 7158?
1
What is the hundreds digit of 350?
3
What is the units digit of 9179?
9
What is the units digit of 15922?
2
What is the units digit of 9219?
9
What is the hundreds digit of 3924?
9
What is the hundred thousands digit of 102599?
1
What is the hundreds digit of 9931?
9
What is the hundreds digit of 1365?
3
What is the tens digit of 134?
3
What is the tens digit of 1918?
1
What is the tens digit of 10394?
9
What is the hundreds digit of 232?
2
What is the tens digit of 1589?
8
What is the ten thousands digit of 40553?
4
What is the tens digit of 74029?
2
What is the thousands digit of 18497?
8
What is the units digit of 6498?
8
What is the hundreds digit of 122469?
4
What is the tens digit of 49661?
6
What is the units digit of 16867?
7
What is the thousands digit of 54159?
4
What is the tens digit of 2619?
1
What is the units digit of 63891?
1
What is the units digit of 919?
9
What is the tens digit of 6214?
1
What is the tens digit of 1705?
0
What is the tens digit of 76983?
8
What is the units digit of 1403?
3
What is the tens digit of 80?
8
What is the thousands digit of 5777?
5
What is the units digit of 1084?
4
What is the hundreds digit of 113048?
0
What is the hundreds digit of 3127?
1
What is the units digit of 3168?
8
What is the tens digit of 391?
9
What is the hundreds digit of 908?
9
What is the units digit of 3321?
1
What is the units digit of 9401?
1
What is the units digit of 8349?
9
What is the hundreds digit of 3227?
2
What is the hundreds digit of 995?
9
What is the ten thousands digit of 74899?
7
What is the hundreds digit of 1074?
0
What is the hundreds digit of 1051?
0
What is the thousands digit of 20276?
0
What is the thousands digit of 4737?
4
What is the units digit of 25267?
7
What is the units digit of 3874?
4
What is the units digit of 2165?
5
What is the hundreds digit of 1182?
1
What is the thousands digit of 112761?
2
What is the tens digit of 17902?
0
What is the units digit of 20502?
2
What is the tens digit of 107970?
7
What is the hundreds digit of 2400?
4
What is the units digit of 762?
2
What is the tens digit of 1436?
3
What is the tens digit of 25596?
9
What is the tens digit of 2457?
5
What is the thousands digit of 5495?
5
What is the hundreds digit of 1392?
3
What is the hundreds digit of 1534?
5
What is the units digit of 38?
8
What is the thousands digit of 1183?
1
What is the hundreds digit of 11408?
4
What is the tens digit of 9584?
8
What is the ten thousands digit of 39536?
3
What is the tens digit of 34285?
8
What is the units digit of 5?
5
What is the units digit of 79935?
5
What is the ten thousands digit of 16517?
1
What is the hundreds digit of 185?
1
What is the hundreds digit of 1169?
1
What is the units digit of 3359?
9
What is the hundreds digit of 245?
2
What is the tens digit of 5253?
5
What is the units digit of 27071?
1
What is the tens digit of 215?
1
What is the tens digit of 1491?
9
What is the thousands digit of 7224?
7
What is the thousands digit of 1324